8/18 - 4/18. Suppose -n*q - 5*q = -16. Suppose -5*r + 5825 = 4*l, 1734 = 3*r + q*l - 1761. Is r a prime number?
False
Let m(x) be the second derivative of -5020*x**3/3 - 19*x**2/2 + 19*x. Is m(-1) a composite number?
True
Suppose -10 = -2*s + 3*h + 6, 2*h = 4*s - 16. Suppose -2*n + 16 = s*n. Suppose -216 = -4*g + r, n*g = -2*r - 0*r + 228. Is g composite?
True
Suppose 7*t + 6*t = 6*t + 1070573. Is t prime?
True
Let m = -388 + 388. Suppose 5*u - 3*h - 30591 - 641 = m, -5*h + 6252 = u. Is u a composite number?
False
Let m be (-45)/(-5) - 2 - 0. Let g(a) = a - 4. Let w be g(m). Suppose 0 = -w*h + 2*j + 10689, -4*h + 6*h - 5*j = 7126. Is h a prime number?
False
Suppose -3*y = 4*r - 3*r + 29, 0 = -r - 5. Is y/(-36) + 22687/9 a composite number?
False
Suppose 29*f + 63 = 38*f. Suppose -q + 2759 = -2*i, -3*q + 10*i - f*i = -8274. Is q a composite number?
True
Is 22 + -14 - (-25725 - 8) composite?
False
Let d(i) = -328*i**2 + 1. Let v be d(-1). Let t be 2144355/(-1062) + (-5)/6. Let q = v - t. Is q a prime number?
True
Suppose -14*b + 47*b = 1368213. Is b composite?
True
Let y be -9 + 8 - 18/(-1). Suppose -2*p - y = -21. Is (p/8)/(4/13744) prime?
True
Let y be (-1)/((121/61 - 2)/(-1)). Let v = y - -65. Suppose -x = v, -5*x + 195 = 2*d - d. Is d prime?
False
Let s = 288 + -283. Is (s + (-2829)/(-9))/((-4)/(-66)) a prime number?
False
Suppose -4*j = 11*j - 30315. Let g = 4602 - j. Is g a composite number?
True
Suppose 274223 = 4*w + 5*q, -5*w - 2*q = 2*q - 342790. Suppose -57*g = -72969 - w. Is g a prime number?
False
Let q(p) = -17*p - 83. Let x be q(-5). Suppose 0 = -4*j + 4*b + 70772, -x*j + 20*b - 25*b = -35421. Is j composite?
True
Let o = -24630 - -10123. Let i = -334 - o. Is i composite?
False
Suppose 4*c - 71 = 89. Suppose -4*b + c = -2*a, -4*b + 5*a = -0*a - 46. Let h(j) = j**3 + 7*j**2 - 8*j + 5. Is h(b) a composite number?
False
Suppose -20*s + 1516195 - 581975 = 0. Is s a composite number?
True
Suppose -6130 = 2*s - 3*i, 4*s = -74*i + 69*i - 12304. Let k = 8311 + -14455. Let h = s - k. Is h a composite number?
True
Let r = 396441 - 262960. Is r prime?
True
Let b(s) = -1017*s + 2848. Is b(-19) composite?
False
Let b(s) = 1376 + 3*s**2 - 1397 - s + 15*s**3 - 2*s + s + 58*s**3. Is b(7) prime?
False
Suppose 6*j + c - 11 = 2*j, -8 = -2*j + 2*c. Suppose -61 = -j*z + 341. Is z a composite number?
True
Let s = 503478 - 292277. Is s a composite number?
True
Suppose 17 = g - 5*m, 21 = -5*g + 6*g - 3*m. Suppose -8912 = -g*n + 9529. Is n a composite number?
False
Let j(h) = -159675*h + 97. Is j(-14) composite?
False
Suppose 2*g - 6 + 32 = 4*f, -4*f - 2*g + 38 = 0. Suppose f*t = 12*t + 4344. Let z = 157 - t. Is z prime?
False
Let w(c) = 23*c**3 - 5*c**2 - 22*c + 2. Let k be w(12). Suppose b - k = -15157. Is b a composite number?
True
Suppose -9*n + 2161234 + 383049 = 14*n. Is n a composite number?
True
Let j(h) = 3*h**2 - 11536*h + 4829 + h**2 + 11538*h. Is j(0) a prime number?
False
Suppose 80*o = 72*o + 40. Suppose 0 = 2*n - n - 3, n + 56072 = o*d. Is d composite?
True
Suppose 0 = 5*t - 58 + 8. Suppose t*q - 20 = 5*q. Suppose -2*w + 656 = q*x - 356, -x + 3*w + 239 = 0. Is x a composite number?
False
Is 166/(-16) + (-210)/(-560) + 55019 prime?
True
Let t be 2/(-14) - (-30)/210. Suppose 25*l - 2485 - 2290 = t. Is l a composite number?
False
Let z be 1*-4 - (7 - (4775 + -13)). Suppose -3*c + 3461 = 2*f, -4*c - 3*f + z = 135. Is c a composite number?
False
Let f be 93/(-124) + (31/4 - 1). Let d(k) = 9*k**2 - 23*k + 13. Is d(f) a composite number?
False
Let o = -278 + 281. Suppose f - 5*s = -3*f + 6187, 4*f - o*s - 6181 = 0. Is f a composite number?
False
Let k = -68 + 98. Suppose t = 7*t - k. Suppose -5*s + 27305 = 4*r, 2*s - 10915 = 2*r - t*r. Is s a prime number?
False
Let x(l) = -l**2 - 5*l + 15. Let g be x(-7). Let v(q) = 1152*q**3 - q**2 - q + 1. Is v(g) a composite number?
False
Let c(x) be the third derivative of 2*x**5/3 + x**4/3 - 23*x**3/6 - 10*x**2. Is c(6) a composite number?
True
Let i be (-29 + 452)*(-2)/(-6). Let m = 748 + i. Is m a prime number?
False
Let r be (1/3)/((-15)/18 - -1). Suppose -4*n + 45070 = -2*h, 0 = 4*n + r*h - 38460 - 6614. Suppose 2022 = -6*z + n. Is z composite?
True
Suppose -4*z - 20 = 28. Let q be (-3)/12 - 267/z. Suppose q*o + 2715 = 25*o. Is o a composite number?
True
Let g be 3/2 + (-130)/(-20). Let h be (16392/(-16))/((-3)/g). Is ((h/6)/2)/(1/3) a prime number?
True
Suppose 71*q - 66469 + 1646 = 0. Is q a prime number?
False
Let h = 230700 - 126239. Is h prime?
False
Let l be (11 + -1)*2/4. Suppose -5*n = p - 1725, 0 = 3*p - 3*n + l*n - 5214. Let a = 3919 - p. Is a composite?
False
Suppose -173*n = -8582272 - 8474317. Is n a composite number?
True
Suppose 3*n - 4 = 11. Suppose 0*u - 402 = -4*p + 3*u, 10 = n*u. Suppose -p = l - 407. Is l prime?
False
Let t(s) = -s**2 - s + 2. Let r be t(1). Suppose r = -4*q + d + 14, 0*d - 2 = -2*q - 2*d. Suppose 0 = 2*u + g - 1404, 0 = q*u - 4*g + g - 2097. Is u composite?
False
Let r(n) be the third derivative of 31*n**4/8 - 5*n**3/3 - 536*n**2. Let p(u) = u**2 - 3*u - 3. Let y be p(5). Is r(y) composite?
False
Suppose 49 = -2*z + 13. Let a = z + 10. Let t(o) = 8*o**2 + 5*o - 6. Is t(a) prime?
False
Suppose 0 = 2*g + 176 - 3112. Suppose 2*s = -p + 3185, -g - 129 = -s - 2*p. Suppose -5*l + s = -8334. Is l composite?
True
Let p be ((7 - 4) + -5)/(4/386). Let t = 446 + p. Is t a prime number?
False
Let d(i) = -i**2 - 7*i + 3. Let f be d(-7). Let v = -9 + f. Is (4 - 303/v) + 1/2 prime?
False
Let d(g) = -2*g - 41. Let u be d(-21). Let y be (1 - 1)*u/2. Suppose y = 5*a - 2*m - 10267, 13*a - 5*m - 4111 = 11*a. Is a a composite number?
False
Let o(r) = -r**3 + 7*r**2 + 4. Let v(k) = k**3 + 21*k**2 - 21*k + 29. Let q be v(-22). Let b be o(q). Let u(c) = 131*c - 19. Is u(b) prime?
False
Let r = 4071 + 14828. Is r a composite number?
False
Let r be (-3)/6 + 49/14. Suppose -4*u + r*u + a = -5783, a - 11554 = -2*u. Is u composite?
False
Let m = -31 + 35. Suppose m*v - 2268 = 1720. Suppose v = z + 90. Is z composite?
False
Suppose 5*x - 349819 = 192*i - 198*i, 3*x + i - 209881 = 0. Is x a prime number?
True
Is -3 + 166364 + (28 - 16) a prime number?
False
Let b = 50 - 46. Suppose -t + 5464 = 3*t + b*x, -5*x = t - 1378. Suppose -5*i - 3293 = -4*l, t + 251 = 2*l + 4*i. Is l a prime number?
False
Suppose 4*v - 23 = -2*s + 3*s, -5*s - 2*v - 5 = 0. Is (s/6)/((-6)/(10313 + -5)) composite?
False
Let y be (1/(-3))/((-1)/(-6)). Suppose -147 = -5*z + 133. Let n = z - y. Is n a composite number?
True
Let q be (-2988)/126 + 8/(-28). Is (5 - 172336/q)/((-1)/(-3)) a prime number?
True
Let y = -45277 - -124156. Is y a composite number?
True
Suppose -4*t + 38295 = -t. Suppose -2*y + t = 3*y. Suppose -4*f + y = 477. Is f prime?
False
Let g(t) = -t**3 - 3*t**2 - t + 2. Suppose -2*l - 4 = -0. Let j be g(l). Suppose j*u + 2*f = 3*u - 1351, 4*f - 874 = -2*u. Is u a prime number?
False
Let h = -545821 - -958890. Is h composite?
False
Let j be (-23)/(1127/(-14)) + 129075/(-7). Let m = 27918 + j. Is m a prime number?
True
Suppose -x = -0*x - 3, -4*b - 4*x + 16 = 0. Let g(i) = 18*i**2 + 7*i - 10. Let h be g(4). Is -2 + (1 - b) + (h - 6) a composite number?
True
Let y(r) = 341*r**2 - 3*r + 31. Let d(s) = -1023*s**2 + 9*s - 93. Let u(a) = 2*d(a) + 7*y(a). Let w(j) be the first derivative of u(j). Is w(2) a prime number?
True
Suppose -i + 5*p - 3*p - 124 = 0, 4*i - p + 461 = 0. Let k = 3241 + i. Is k a prime number?
False
Let f(d) = -66*d + 7. Let q(z) = z**3 - 4*z**2 - 11*z - 12. Let y be q(6). Let n(x) = -3*x - 23. Let c be n(y). Is f(c) composite?
False
Suppose -83*h + 100015765 = 38*h + 30404586. Is h a composite number?
True
Let h(w) = 384*w. Let r be h(-1). Let i = r - -213. Let q = 602 + i. Is q a composite number?
False
Is ((-1956681)/6)/(5*(-12)/40) a composite number?
False
Let d(l) = 5*l + 81. Let a be d(-18). Let x(o) = -4*o**3 + 3*o**2 + 32*o + 10. Is x(a) prime?
False
Let a = -213800 - -473958. Is a a prime number?
False
Let q = -443 + 418. Is -1002*(q/(-6) - 8) a prime number?
False
Let z(v) = v**2 - 10*v + 5. Let j be z(9). Let d be 1*(2 - 1/(j - -3)). Suppose d*t = 5*t - 1222. Is t prime?
False
Suppose -33*v + 24327 = -6*v. Is v prime?
False
Suppose 4*b + 5109 = -3*m - 0*m, 0 = -3*b - 4*m - 3823. Let 